{"id":8,"date":"2015-06-15T09:27:38","date_gmt":"2015-06-15T09:27:38","guid":{"rendered":"http:\/\/wydethemes.com\/flora2\/?page_id=8"},"modified":"2019-11-13T15:48:38","modified_gmt":"2019-11-13T20:48:38","slug":"notre-equipe","status":"publish","type":"page","link":"https:\/\/www.jpvdesign.com\/index.php\/notre-equipe\/","title":{"rendered":"Notre \u00e9quipe"},"content":{"rendered":"<p>[vc_row row_style=\u00a0\u00bbfull-width\u00a0\u00bb vertical_align=\u00a0\u00bbmiddle\u00a0\u00bb padding_size=\u00a0\u00bbno-padding\u00a0\u00bb][vc_column padding_size=\u00a0\u00bbl-padding\u00a0\u00bb width=\u00a0\u00bb1\/2&Prime;][vc_empty_space height=\u00a0\u00bb40px\u00a0\u00bb][wyde_heading title=\u00a0\u00bbPhilosophie de l&rsquo;entreprise\u00a0\u00bb text_align=\u00a0\u00bbleft\u00a0\u00bb animation=\u00a0\u00bbfadeInUp\u00a0\u00bb][vc_column_text animation=\u00a0\u00bbfadeInUp\u00a0\u00bb]<\/p>\n<blockquote>\n<p style=\"text-align: justify;\">Notre entreprise de design d&rsquo;int\u00e9rieur se sp\u00e9cialise dans les \u00a0espaces commerciaux et r\u00e9sidentiels de toute superficie.<\/p>\n<p>&nbsp;<\/p>\n<p style=\"text-align: justify;\">Notre exp\u00e9rience est vaste et compl\u00e8te, ce qui nous permet de travailler sur votre projet de fa\u00e7on inclusive et personnelle.<\/p>\n<p>&nbsp;<\/p>\n<p style=\"text-align: justify;\">JEAN-PIERRE VIAU DESIGN est en mesure de cr\u00e9er de magnifiques espaces adapt\u00e9s \u00e0 vos besoins, votre image et sans oublier vos contraintes.<\/p>\n<p>&nbsp;<\/p>\n<p style=\"text-align: justify;\">L&rsquo;approche en design pr\u00e9conis\u00e9e est d&rsquo;insuffler un petit quelque chose de plus \u00e0 chacun des projets, un petit sourire en coin.<\/p>\n<\/blockquote>\n<p>[\/vc_column_text][vc_empty_space height=\u00a0\u00bb40px\u00a0\u00bb][\/vc_column][vc_column text_align=\u00a0\u00bbcenter\u00a0\u00bb padding_size=\u00a0\u00bbno-padding\u00a0\u00bb width=\u00a0\u00bb1\/2&Prime;][vc_single_image image=\u00a0\u00bb2190&Prime; alignment=\u00a0\u00bbcenter\u00a0\u00bb responsive=\u00a0\u00bbtrue\u00a0\u00bb][\/vc_column][\/vc_row][vc_row row_style=\u00a0\u00bbfull-width\u00a0\u00bb background_color=\u00a0\u00bb#f9f9f9&Prime; full_width=\u00a0\u00bbtrue\u00a0\u00bb css=\u00a0\u00bb.vc_custom_1438678968271{padding-right: 3% !important;padding-left: 3% !important;}\u00a0\u00bb][vc_column text_align=\u00a0\u00bbcenter\u00a0\u00bb][wyde_heading title=\u00a0\u00bbNos designers\u00a0\u00bb][vc_empty_space height=\u00a0\u00bb20px\u00a0\u00bb][vc_custom_heading text=\u00a0\u00bbPlusieurs ann\u00e9es d&rsquo;exp\u00e9rience pour vous aider\u00a0\u00bb font_container=\u00a0\u00bbtag:p|font_size:24px|text_align:center|color:%23999999|line_height:36px\u00a0\u00bb google_fonts=\u00a0\u00bbfont_family:Lato%3A100%2C100italic%2C300%2C300italic%2Cregular%2Citalic%2C700%2C700italic%2C900%2C900italic|font_style:300%20light%20regular%3A300%3Anormal\u00a0\u00bb css=\u00a0\u00bb.vc_custom_1536853010140{padding-right: 15% !important;padding-left: 15% !important;}\u00a0\u00bb][vc_empty_space][wyde_team_slider color=\u00a0\u00bb#ffffff\u00a0\u00bb count=\u00a0\u00bb4&Prime; visible_items=\u00a0\u00bb4&Prime; show_navigation=\u00a0\u00bbtrue\u00a0\u00bb show_pagination=\u00a0\u00bbtrue\u00a0\u00bb auto_play=\u00a0\u00bb\u00a0\u00bb][\/vc_column][\/vc_row][vc_row][vc_column][vc_empty_space][\/vc_column][\/vc_row]<\/p>\n","protected":false},"excerpt":{"rendered":"<p>[vc_row row_style=\u00a0\u00bbfull-width\u00a0\u00bb vertical_align=\u00a0\u00bbmiddle\u00a0\u00bb padding_size=\u00a0\u00bbno-padding\u00a0\u00bb][vc_column padding_size=\u00a0\u00bbl-padding\u00a0\u00bb width=\u00a0\u00bb1\/2&Prime;][vc_empty_space height=\u00a0\u00bb40px\u00a0\u00bb][wyde_heading title=\u00a0\u00bbPhilosophie de l&rsquo;entreprise\u00a0\u00bb text_align=\u00a0\u00bbleft\u00a0\u00bb animation=\u00a0\u00bbfadeInUp\u00a0\u00bb][vc_column_text animation=\u00a0\u00bbfadeInUp\u00a0\u00bb] Notre entreprise de design d&rsquo;int\u00e9rieur se sp\u00e9cialise dans les \u00a0espaces commerciaux et r\u00e9sidentiels de toute superficie. &nbsp; Notre exp\u00e9rience est vaste et compl\u00e8te, ce qui nous permet de travailler sur votre projet de fa\u00e7on inclusive et personnelle. &nbsp; JEAN-PIERRE VIAU DESIGN est [&hellip;]<\/p>\n","protected":false},"author":1,"featured_media":0,"parent":0,"menu_order":0,"comment_status":"closed","ping_status":"open","template":"","meta":[],"_links":{"self":[{"href":"https:\/\/www.jpvdesign.com\/index.php\/wp-json\/wp\/v2\/pages\/8"}],"collection":[{"href":"https:\/\/www.jpvdesign.com\/index.php\/wp-json\/wp\/v2\/pages"}],"about":[{"href":"https:\/\/www.jpvdesign.com\/index.php\/wp-json\/wp\/v2\/types\/page"}],"author":[{"embeddable":true,"href":"https:\/\/www.jpvdesign.com\/index.php\/wp-json\/wp\/v2\/users\/1"}],"replies":[{"embeddable":true,"href":"https:\/\/www.jpvdesign.com\/index.php\/wp-json\/wp\/v2\/comments?post=8"}],"version-history":[{"count":39,"href":"https:\/\/www.jpvdesign.com\/index.php\/wp-json\/wp\/v2\/pages\/8\/revisions"}],"predecessor-version":[{"id":2256,"href":"https:\/\/www.jpvdesign.com\/index.php\/wp-json\/wp\/v2\/pages\/8\/revisions\/2256"}],"wp:attachment":[{"href":"https:\/\/www.jpvdesign.com\/index.php\/wp-json\/wp\/v2\/media?parent=8"}],"curies":[{"name":"wp","href":"https:\/\/api.w.org\/{rel}","templated":true}]}}